PEPPER RIDGE 2021 ANNUAL CLIMATOLOGICIAL SUMMARY

NAME: PEPPER RIDGE #1 NORTH VALLEY PHOENIX, ARIZONA
ELEV: 1469 ft LAT: 33 39' 11" N LONG: 112 01' 40" W



               TEMPERATURE (F), HEAT BASE 65.0, COOL BASE 65.0

                          DEP.  HEAT  COOL                                          
        MEAN  MEAN        FROM  DEG   DEG                        MAX  MAX  MIN  MIN 
 YR MO  MAX   MIN   MEAN  NORM  DAYS  DAYS  HI  DATE  LOW  DATE  >=90 <=32 <=32 <=0 
------------------------------------------------------------------------------------
 21  1  65.6  42.1  53.3   1.4   378    16  77.5  15  34.8   27    0    0    0    0
 21  2  70.6  45.7  57.8   1.6   237    36  80.9   2  39.7   15    0    0    0    0
 21  3  74.0  48.9  61.4   0.6   205    93  85.8  29  37.8    1    0    0    0    0
 21  4  86.7  58.7  74.0   6.0    30   301  95.6   4  52.3   28   12    0    0    0
 21  5  92.9  64.1  80.5   3.9     6   487  99.9  13  52.9   23   23    0    0    0
 21  6 104.9  77.4  92.8   7.3     0   833 114.8  17  66.2   11   30    0    0    0
 21  7 100.7  78.8  90.4   0.2     0   788 108.9  10  68.4   24   28    0    0    0
 21  8 100.9  78.2  89.9   1.9     0   772 111.7   4  69.5   13   31    0    0    0
 21  9  97.6  74.3  85.9   3.0     0   626 107.0   9  64.2   27   25    0    0    0
 21 10  68.7  65.8  67.5  -4.6     0     0  68.7   1  65.8    1    0    0    0    0
 21 11
 21 12
------------------------------------------------------------------------------------
        88.2  63.3  76.3   2.1   856  3954 114.8 JUN  34.8  JAN  149    0    0    0

                                PRECIPITATION (in)

               DEP.   MAX        DAYS OF RAIN 
               FROM   OBS.          OVER
 YR MO  TOTAL  NORM   DAY  DATE .01   .1   1
---------------------------------------------
 21  1  1.57   0.55  0.53   25    6    4    0
 21  2  0.00  -1.37  0.00    1    0    0    0
 21  3  0.28  -0.63  0.24   12    2    1    0
 21  4  0.01  -0.37  0.01    2    0    0    0
 21  5  0.01  -0.12  0.01   21    0    0    0
 21  6  0.10   0.02  0.10   23    1    0    0
 21  7  3.61   2.50  1.05   23   10    8    1
 21  8  4.05   2.78  1.73   13    8    6    2
 21  9  0.71  -0.13  0.58   26    2    2    0
 21 10  0.00  -0.81  0.00    1    0    0    0
 21 11
 21 12
---------------------------------------------
       10.34  2.42  1.73  AUG   29   21    3

                                WIND SPEED (mph)
                          DOM
 YR MO   AVG.  HI   DATE  DIR
---------------------------------
 21  1   0.7  41.0   25     N
 21  2   0.7  26.0   13     N
 21  3   0.8  29.0    3    SW
 21  4   0.7  27.0   21    SW
 21  5   0.8  25.0   20    SW
 21  6   1.1  49.0   15    SW
 21  7   1.2  41.0   10    SW
 21  8   0.7  33.0   16   SSE
 21  9   0.5  24.0   30    SW
 21 10   0.7   6.0    1     N
 21 11
 21 12
---------------------------------
         0.8  49.0  JUN   SW


© 2005 - 2021 PEPPER RIDGE NORTH VALLEY WEATHER
All rights reserved. Unauthorized duplication or distribution is prohibited

Number of Visitors Since March 15, 2005


USA Weather Finder Return to Historical Data Page World Weather Websites